 n(l). What are the prime factors of (-5 + (200 - q))*(1 + 0)?
191
Suppose 0 = 36*j - 68*j + 304672. List the prime factors of -5 - (5 - j)/6.
3, 17, 31
What are the prime factors of 7/(-1)*310/21*-45?
2, 3, 5, 31
Suppose 162*t = 247056 + 493770. What are the prime factors of t?
17, 269
Suppose 3*n + 68 - 50 = 0. Let h(b) = b**3 + 6*b**2 - 3*b - 5. Let i be h(n). Suppose i*c - 3*c = 430. List the prime factors of c.
43
Let c(w) = w + 22. Let v be c(-19). Suppose 2*o = -5*f + 343, -v*o + o = 3*f - 345. Let t = -54 + o. What are the prime factors of t?
2, 3, 5
Let x = -13827 + 23540. List the prime factors of x.
11, 883
Let a be 2/(((-126)/35)/9). What are the prime factors of (-80)/(a*(-14)/(-455))?
2, 5, 13
Suppose -1557 = -56*d + 55*d. Suppose -2*k + n + 220 = -823, 0 = -3*k - n + d. What are the prime factors of k?
2, 5, 13
Let n(r) = -r - 8*r + 5*r + 5*r + 48. List the prime factors of n(32).
2, 5
List the prime factors of (954532/9)/4 + (-328)/(-1476).
5, 5303
Suppose 2405*c - 15952 = 2397*c. What are the prime factors of c?
2, 997
Let o be (-4)/((-16)/12) + (-84)/6. Let c(t) = -2*t**3 - 15*t**2 + 11*t - 28. List the prime factors of c(o).
2, 349
Suppose 9*y - 13*y - 149750 = -5*n, -y + 119800 = 4*n. What are the prime factors of n?
2, 5, 599
Let c(p) = p**3 - 12*p**2 + 52*p + 2. List the prime factors of c(21).
61, 83
Suppose 1966*v - 1822*v = 8070768. List the prime factors of v.
41, 1367
Suppose 44 = -7*r + 9. Let q be r/(-10)*(3 + -3). Suppose q = m - 2*m + 105. What are the prime factors of m?
3, 5, 7
Suppose 219 = 2*s + 3*w - 6*w, 5*w - 510 = -5*s. Suppose -3*p + 459 = -264. Suppose 3*k - p = 2*l, k - s = -5*l - 2. What are the prime factors of k?
83
Suppose 0 = 2*o + 5*i - 5817 - 9356, -4*i - 4 = 0. What are the prime factors of o?
7589
List the prime factors of ((-19)/(-2))/(15 + 77063/(-5138)).
19, 367
Let q = -87135 + 123903. What are the prime factors of q?
2, 3, 383
Let j(v) = -5*v + 8. Suppose -1 + 10 = 3*m. Let f be j(m). Let y = f - -90. List the prime factors of y.
83
Suppose 44*a - 846359 - 438400 = -19*a. List the prime factors of a.
20393
Suppose -4*o + 2*o = 4*j + 4, -j - 15 = -3*o. Let w be 233/(-3)*(o/(-1) - 2). Suppose -6*z = -w - 614. What are the prime factors of z?
2, 3, 5
Let z = -1202 + 165. Let p = 1959 + z. What are the prime factors of p?
2, 461
Suppose 84*m + 9598 = l + 80*m, l - 5*m = 9604. List the prime factors of l.
2, 4787
Suppose 98*j - 864240 - 943971 = -422687. What are the prime factors of j?
2, 7069
Let q = -78 - -92. Suppose -3*m - 5*c - 21 = m, m = -3*c - q. Let g(d) = 59*d**2 + d. List the prime factors of g(m).
2, 3, 5
What are the prime factors of (-9 - 260/(-20))*(-1498)/(-4)?
2, 7, 107
Suppose 56*m + 47847 - 2865375 = 0. List the prime factors of m.
3, 31, 541
Let c = 1968 - 4039. Let o = 3000 + c. What are the prime factors of o?
929
Suppose -1314 = 5*s + 3*k, -4*s - 786 = -s + k. Let y = s + 152. Let z = 112 - y. List the prime factors of z.
13, 17
Let x be (2 - 5) + (5 - (2 - 2)). Let f be 10/(-5) + (-1 - -3). Suppose -5*y + 0*m + 590 = 4*m, f = 5*y - x*m - 620. List the prime factors of y.
2, 61
List the prime factors of (2626/3)/(0 + 8 + 355/(-45)).
2, 3, 13, 101
Let h = -64 + 67. Let v(y) = -27*y + h*y - 28 + 4*y + 14*y. List the prime factors of v(-16).
2, 17
Let x be (-8)/44 + 114/22. Suppose -6*u + x = -u, 0 = -5*b - 4*u + 14. Suppose b*l = z + 310, -2*l + 6*z - z + 318 = 0. List the prime factors of l.
2, 7, 11
Suppose 7*d - 5*q - 18737 = 3*d, -4*d - 5*q = -18687. What are the prime factors of d?
2, 2339
Let d = 36 + -28. Suppose 3*l = -4*g + 461, -5*g - 416 = -d*l + 5*l. What are the prime factors of l?
3, 7
Suppose 45*t - 44555 - 210105 = -62*t. What are the prime factors of t?
2, 5, 7, 17
What are the prime factors of (-6)/9 - (605055/(-27) - 2/9)?
22409
Let g = 188 - 167. List the prime factors of 11599/g - 10/(-6).
2, 277
Let r = -79194 + 144854. List the prime factors of 8/(-52) - r/(-65).
2, 5, 101
Let j(z) = -188*z + 167. Let y be 2*-4*81/72. What are the prime factors of j(y)?
11, 13
Let n(s) = 17*s**2 - 38*s + 705. List the prime factors of n(28).
3, 11, 131
Suppose r - 7*n = -6*n - 48, 0 = -4*r - 3*n - 227. Let d = r + 43. Let f = 39 + d. List the prime factors of f.
29
Let i be ((-8)/6)/((-14)/273) + 6. Suppose 8*n + 4272 = i*n. List the prime factors of n.
2, 89
Let k = 19 - -533. Let p = k + -138. What are the prime factors of p?
2, 3, 23
Let g(z) = 107*z**2 - 15*z - 15. List the prime factors of g(-13).
7, 2609
Suppose 8*p + 605 = 125. Let q be ((-76)/p - (-2)/5)*-4908. What are the prime factors of (-2)/(-18) + q/(-90)?
7, 13
Suppose p + 5*d = 38122, 1339 = 2*d + 1325. What are the prime factors of p?
7, 5441
Let s(m) = m**3 + 17*m**2 - 10*m + 79. Let c be s(-18). What are the prime factors of c/(-5)*(27 + -5)?
2, 11, 13
Suppose 51145 = 4*q - u, -6*q = -7*q + 2*u + 12795. List the prime factors of q.
5, 2557
Let k be 28/10 + (-3)/(-15) - 10. Let t = -7 - k. Suppose -4*d = -5*g - 215, t = -d - 3*d + g + 235. List the prime factors of d.
2, 3, 5
Let m = -615 - -736. List the prime factors of m.
11
Suppose -4*a = -38 - 482. Suppose -n = -p + 173, p + n = 45 + a. What are the prime factors of p?
2, 3, 29
Suppose 3*h + 2*x + 5 = 0, h + 5*x + 6 = -0*h. List the prime factors of ((-96)/(-56) + -2)*301/h.
2, 43
What are the prime factors of (197241/108 + 28/63)*4?
7307
Let h(w) = 9*w**2 - 4*w - 13. Let q be h(-7). Let v = q - 101. Let x = v - 248. List the prime factors of x.
107
Let p be ((-12)/(-5))/6*10. Suppose -p*m - 2*z + 1858 = 0, 4*m + 787 = -z + 2642. What are the prime factors of m?
463
Suppose 240*n - 87*n - 2026200 = 1892589. List the prime factors of n.
7, 3659
Let z(o) = 642*o + 271. List the prime factors of z(10).
6691
What are the prime factors of (1 - (1 + 2))*(11 - 27443/26)?
2089
Suppose -23551 = 46*i + 9799. What are the prime factors of (-7)/(35/20) - i?
7, 103
Let g(s) = -93*s**3 + 16*s**2 + 12*s - 67. What are the prime factors of g(-5)?
2, 3, 661
Suppose -4*s - 608 = s + 2*h, 2*s = -3*h - 252. Let i = s - -435. What are the prime factors of i?
3, 5, 7
Let r(f) = -4*f**3 + 5*f + 6. Suppose -7*i = 17 - 10. Let d be r(i). Suppose -54 = -4*y + 2*a, d*y = 7*y - 2*a - 30. What are the prime factors of y?
2, 3
Let k be 80/(-15)*(-18)/(-8). Let b(h) be the first derivative of h**3/3 + 7*h**2/2 + 10*h - 16. What are the prime factors of b(k)?
2, 5, 7
Let s(d) be the second derivative of 4*d**5/5 + d**4/12 + d**3/6 - 10*d**2 - 46*d. Let k(y) be the first derivative of s(y). List the prime factors of k(-2).
3, 7
Let q = -125 + 145. Let w(a) = 33*a - 97. What are the prime factors of w(q)?
563
Suppose 72*i - q = 76*i - 85004, 0 = i + q - 21245. What are the prime factors of i?
53, 401
List the prime factors of ((-377025)/99 - (-4 + 7))*-3.
2, 5717
Suppose 384 + 1 = 5*w. Let m = 922 - 973. Let j = m + w. List the prime factors of j.
2, 13
Let r(b) be the first derivative of 193*b**2/2 + 50*b - 76. What are the prime factors of r(4)?
2, 3, 137
Suppose 3*w - 2*j + 502 = -2*w, 0 = 2*j + 8. Let q = w - -310. What are the prime factors of q?
2, 13
Suppose -y - 4*p = 12 - 2, 0 = 4*y + 2*p - 2. Suppose 3*u + y*r = 935, 6*u - 10*u + 1252 = 4*r. What are the prime factors of u?
3, 103
Let s = 2234 + -2230. Suppose -2*u + 10 = 4*r - 5*u, 6 = 4*r - 5*u. List the prime factors of 78 - (s - 2 - r).
2, 5
Suppose 0 = -10*y + 18*y - 46688. List the prime factors of y*(95/(-20) + 4 + 1).
1459
Let f = -659 - -660. What are the prime factors of f - (-11957)/8 - 51/(-136)?
2, 11, 17
Let g = 5444 + -3032. What are the prime factors of g?
2, 3, 67
Let x be 6/(-9)*(-7 - 11). Let c(j) = 5*j**2 - 16*j - 10. Let k be c(x). Suppose -54 = 4*z - k. List the prime factors of z.
2, 29
Let c = -47599 + 89672. List the prime factors of c.
42073
Let y be 1 + (104 + 1 - 1). Let r be 2/(-4)*(-61 - 51). Suppose 458 = 4*f - 5*i + r, -f = i - y. What are the prime factors of f?
103
Suppose 2*z - 3*l = 33, 4*z - 3*l = -1 + 52. Let p = z - 205. Let m = 366 + p. What are the prime factors of m?
2, 5, 17
Suppose -18 = -10*g + 2. Suppose q + 5*v - 3 = 0, 0 = 3*q - 4*q + g*v + 3. Suppose -2*y + 15 = q*y. List the prime factors of y.
3
Let p(r) = -3*r**3 - 28*r**2 - 25*r + 11. Let n be p(-9). Let v be 